{"id":321,"date":"2024-01-25T07:32:41","date_gmt":"2024-01-25T07:32:41","guid":{"rendered":"https:\/\/guillermoarmenta.com\/?page_id=321"},"modified":"2024-06-24T22:08:54","modified_gmt":"2024-06-24T22:08:54","slug":"perfil","status":"publish","type":"page","link":"https:\/\/guillermoarmenta.com\/index.php\/perfil\/","title":{"rendered":"Perfil"},"content":{"rendered":"\t\t<div data-elementor-type=\"wp-page\" data-elementor-id=\"321\" class=\"elementor elementor-321\" data-elementor-post-type=\"page\">\n\t\t\t\t\t\t<section class=\"elementor-section elementor-top-section elementor-element elementor-element-5f76309 elementor-section-stretched elementor-section-boxed elementor-section-height-default elementor-section-height-default\" data-id=\"5f76309\" data-element_type=\"section\" data-settings=\"{&quot;stretch_section&quot;:&quot;section-stretched&quot;}\">\n\t\t\t\t\t\t<div class=\"elementor-container elementor-column-gap-default\">\n\t\t\t\t\t<div class=\"elementor-column elementor-col-100 elementor-top-column elementor-element elementor-element-269c2be\" data-id=\"269c2be\" data-element_type=\"column\">\n\t\t\t<div class=\"elementor-widget-wrap elementor-element-populated\">\n\t\t\t\t\t\t<div class=\"elementor-element elementor-element-6d4a770 animated-slow elementor-invisible elementor-widget elementor-widget-heading\" data-id=\"6d4a770\" data-element_type=\"widget\" data-settings=\"{&quot;_animation&quot;:&quot;fadeInDown&quot;}\" data-widget_type=\"heading.default\">\n\t\t\t\t<div class=\"elementor-widget-container\">\n\t\t\t\t\t<h2 class=\"elementor-heading-title elementor-size-default\">PERFIL<\/h2>\t\t\t\t<\/div>\n\t\t\t\t<\/div>\n\t\t\t\t<div class=\"elementor-element elementor-element-fa1f29b animated-slow elementor-widget-divider--view-line elementor-invisible elementor-widget elementor-widget-divider\" data-id=\"fa1f29b\" data-element_type=\"widget\" data-settings=\"{&quot;_animation&quot;:&quot;fadeIn&quot;}\" data-widget_type=\"divider.default\">\n\t\t\t\t<div class=\"elementor-widget-container\">\n\t\t\t\t\t\t\t<div class=\"elementor-divider\">\n\t\t\t<span class=\"elementor-divider-separator\">\n\t\t\t\t\t\t<\/span>\n\t\t<\/div>\n\t\t\t\t\t\t<\/div>\n\t\t\t\t<\/div>\n\t\t\t\t\t<\/div>\n\t\t<\/div>\n\t\t\t\t\t<\/div>\n\t\t<\/section>\n\t\t\t\t<section class=\"elementor-section elementor-top-section elementor-element elementor-element-7e90cc3 elementor-section-full_width elementor-section-height-min-height elementor-section-items-bottom elementor-section-stretched animated-slow elementor-section-height-default elementor-invisible\" data-id=\"7e90cc3\" data-element_type=\"section\" data-settings=\"{&quot;stretch_section&quot;:&quot;section-stretched&quot;,&quot;animation&quot;:&quot;fadeInUp&quot;}\">\n\t\t\t\t\t\t<div class=\"elementor-container elementor-column-gap-default\">\n\t\t\t\t\t<div class=\"elementor-column elementor-col-100 elementor-top-column elementor-element elementor-element-f7cc896\" data-id=\"f7cc896\" data-element_type=\"column\">\n\t\t\t<div class=\"elementor-widget-wrap elementor-element-populated\">\n\t\t\t\t\t\t<div class=\"elementor-element elementor-element-3393a14 elementor-widget elementor-widget-heading\" data-id=\"3393a14\" data-element_type=\"widget\" data-widget_type=\"heading.default\">\n\t\t\t\t<div class=\"elementor-widget-container\">\n\t\t\t\t\t<h2 class=\"elementor-heading-title elementor-size-default\">Guillermo Armenta<\/h2>\t\t\t\t<\/div>\n\t\t\t\t<\/div>\n\t\t\t\t<div class=\"elementor-element elementor-element-374c30b elementor-widget elementor-widget-heading\" data-id=\"374c30b\" data-element_type=\"widget\" data-widget_type=\"heading.default\">\n\t\t\t\t<div class=\"elementor-widget-container\">\n\t\t\t\t\t<h2 class=\"elementor-heading-title elementor-size-default\">Divulgador de Tecnolog\u00eda | Asesor en\nFinanzas e Inversiones<\/h2>\t\t\t\t<\/div>\n\t\t\t\t<\/div>\n\t\t\t\t<div class=\"elementor-element elementor-element-7089f46 elementor-widget__width-initial elementor-widget elementor-widget-text-editor\" data-id=\"7089f46\" data-element_type=\"widget\" data-widget_type=\"text-editor.default\">\n\t\t\t\t<div class=\"elementor-widget-container\">\n\t\t\t\t\t\t\t\t\t<p>Soy un economista altamente demandado y experto en negocios digitales, conocido por ofrecer charlas inspiradoras en espa\u00f1ol, franc\u00e9s, ingl\u00e9s y chino. He tenido el privilegio de impactar a miles de personas en diversos pa\u00edses, gracias a la confianza de numerosas empresas, organizaciones y universidades que han contratado mis servicios.<\/p><p>Como Fundador y Presidente del Global Institute for Digital Competitiveness, dej\u00f3 una huella significativa en la audiencia global a trav\u00e9s de mis conferencias. Mi pasi\u00f3n por compartir conocimiento se refleja en la creaci\u00f3n de contenido profesional, lo que me ha valido reconocimientos como &#8216;LinkedIn Creator 2022&#8217;, TopVoices LinkedIn 2023 y Global TopVoices LinkedIn en tecnolog\u00eda 2024.<\/p><p>Desempe\u00f1o roles clave como conferencista, mentor y juez en algunos de los ecosistemas tecnol\u00f3gicos m\u00e1s prestigiosos del mundo, participando en eventos y programas como Endeavor, TEDx, Techstars, Seedstars, BBVA, Tec de Monterrey, Windsor Castle, London FinTech Innovation Lab, World. Happiness Fest, Global Digital Week, World Compliance Forum y Global Network of Young Politicians.<\/p><p>Mi formaci\u00f3n acad\u00e9mica es s\u00f3lida y diversa: tengo una especializaci\u00f3n en Valoraci\u00f3n Financiera de Activos Intangibles y Tecnolog\u00edas Emergentes por la London Business School, dos maestr\u00edas con menci\u00f3n especial en Econom\u00eda Internacional y Desarrollo Econ\u00f3mico por la Universidad Complutense de Madrid, y una especializaci\u00f3n en Competitividad Empresarial, becado por CONACYT. Soy egresado de la Universidad Iberoamericana (UIA) en Econom\u00eda y Relaciones Internacionales, y poseo varios t\u00edtulos del Centro de Investigaci\u00f3n y Docencia Econ\u00f3micas (CIDE) en Estrategias de Innovaci\u00f3n Social.<\/p><p>Con una trayectoria internacional y una pasi\u00f3n por la excelencia, me dedico a transformar vidas y organizaciones a trav\u00e9s del conocimiento y la innovaci\u00f3n.<\/p>\t\t\t\t\t\t\t\t<\/div>\n\t\t\t\t<\/div>\n\t\t\t\t\t<\/div>\n\t\t<\/div>\n\t\t\t\t\t<\/div>\n\t\t<\/section>\n\t\t\t\t<section class=\"elementor-section elementor-top-section elementor-element elementor-element-b757f4e elementor-section-height-min-height elementor-section-stretched animated-slow elementor-section-boxed elementor-section-height-default elementor-section-items-middle elementor-invisible\" data-id=\"b757f4e\" data-element_type=\"section\" data-settings=\"{&quot;stretch_section&quot;:&quot;section-stretched&quot;,&quot;animation&quot;:&quot;fadeIn&quot;}\">\n\t\t\t\t\t\t<div class=\"elementor-container elementor-column-gap-default\">\n\t\t\t\t\t<div class=\"elementor-column elementor-col-100 elementor-top-column elementor-element elementor-element-41b555a\" data-id=\"41b555a\" data-element_type=\"column\">\n\t\t\t<div class=\"elementor-widget-wrap elementor-element-populated\">\n\t\t\t\t\t\t<div class=\"elementor-element elementor-element-97d9de4 elementor-widget__width-initial elementor-widget elementor-widget-gallery\" data-id=\"97d9de4\" data-element_type=\"widget\" data-settings=\"{&quot;columns&quot;:3,&quot;gap&quot;:{&quot;unit&quot;:&quot;px&quot;,&quot;size&quot;:15,&quot;sizes&quot;:[]},&quot;aspect_ratio&quot;:&quot;1:1&quot;,&quot;lazyload&quot;:&quot;yes&quot;,&quot;gallery_layout&quot;:&quot;grid&quot;,&quot;columns_tablet&quot;:2,&quot;columns_mobile&quot;:1,&quot;gap_tablet&quot;:{&quot;unit&quot;:&quot;px&quot;,&quot;size&quot;:10,&quot;sizes&quot;:[]},&quot;gap_mobile&quot;:{&quot;unit&quot;:&quot;px&quot;,&quot;size&quot;:10,&quot;sizes&quot;:[]},&quot;link_to&quot;:&quot;file&quot;,&quot;overlay_background&quot;:&quot;yes&quot;,&quot;content_hover_animation&quot;:&quot;fade-in&quot;}\" data-widget_type=\"gallery.default\">\n\t\t\t\t<div class=\"elementor-widget-container\">\n\t\t\t\t\t\t\t<div class=\"elementor-gallery__container\">\n\t\t\t\t\t\t\t<a class=\"e-gallery-item elementor-gallery-item elementor-animated-content\" href=\"https:\/\/guillermoarmenta.com\/wp-content\/uploads\/2024\/06\/g1.jpeg\" data-elementor-open-lightbox=\"yes\" data-elementor-lightbox-slideshow=\"97d9de4\" data-elementor-lightbox-title=\"g1\" data-e-action-hash=\"#elementor-action%3Aaction%3Dlightbox%26settings%3DeyJpZCI6MzY5NywidXJsIjoiaHR0cHM6XC9cL2d1aWxsZXJtb2FybWVudGEuY29tXC93cC1jb250ZW50XC91cGxvYWRzXC8yMDI0XC8wNlwvZzEuanBlZyIsInNsaWRlc2hvdyI6Ijk3ZDlkZTQifQ%3D%3D\">\n\t\t\t\t\t<div class=\"e-gallery-image elementor-gallery-item__image\" data-thumbnail=\"https:\/\/guillermoarmenta.com\/wp-content\/uploads\/2024\/06\/g1-1024x1024.jpeg\" data-width=\"800\" data-height=\"800\" aria-label=\"\" role=\"img\" ><\/div>\n\t\t\t\t\t\t\t\t\t\t\t<div class=\"elementor-gallery-item__overlay\"><\/div>\n\t\t\t\t\t\t\t\t\t\t\t\t\t\t<\/a>\n\t\t\t\t\t\t\t<a class=\"e-gallery-item elementor-gallery-item elementor-animated-content\" href=\"https:\/\/guillermoarmenta.com\/wp-content\/uploads\/2024\/06\/g2.jpeg\" data-elementor-open-lightbox=\"yes\" data-elementor-lightbox-slideshow=\"97d9de4\" data-elementor-lightbox-title=\"g2\" data-e-action-hash=\"#elementor-action%3Aaction%3Dlightbox%26settings%3DeyJpZCI6MzY5OCwidXJsIjoiaHR0cHM6XC9cL2d1aWxsZXJtb2FybWVudGEuY29tXC93cC1jb250ZW50XC91cGxvYWRzXC8yMDI0XC8wNlwvZzIuanBlZyIsInNsaWRlc2hvdyI6Ijk3ZDlkZTQifQ%3D%3D\">\n\t\t\t\t\t<div class=\"e-gallery-image elementor-gallery-item__image\" data-thumbnail=\"https:\/\/guillermoarmenta.com\/wp-content\/uploads\/2024\/06\/g2-1024x1024.jpeg\" data-width=\"800\" data-height=\"800\" aria-label=\"\" role=\"img\" ><\/div>\n\t\t\t\t\t\t\t\t\t\t\t<div class=\"elementor-gallery-item__overlay\"><\/div>\n\t\t\t\t\t\t\t\t\t\t\t\t\t\t<\/a>\n\t\t\t\t\t\t\t<a class=\"e-gallery-item elementor-gallery-item elementor-animated-content\" href=\"https:\/\/guillermoarmenta.com\/wp-content\/uploads\/2024\/06\/g3.jpeg\" data-elementor-open-lightbox=\"yes\" data-elementor-lightbox-slideshow=\"97d9de4\" data-elementor-lightbox-title=\"g3\" data-e-action-hash=\"#elementor-action%3Aaction%3Dlightbox%26settings%3DeyJpZCI6MzY5OSwidXJsIjoiaHR0cHM6XC9cL2d1aWxsZXJtb2FybWVudGEuY29tXC93cC1jb250ZW50XC91cGxvYWRzXC8yMDI0XC8wNlwvZzMuanBlZyIsInNsaWRlc2hvdyI6Ijk3ZDlkZTQifQ%3D%3D\">\n\t\t\t\t\t<div class=\"e-gallery-image elementor-gallery-item__image\" data-thumbnail=\"https:\/\/guillermoarmenta.com\/wp-content\/uploads\/2024\/06\/g3-1024x1024.jpeg\" data-width=\"800\" data-height=\"800\" aria-label=\"\" role=\"img\" ><\/div>\n\t\t\t\t\t\t\t\t\t\t\t<div class=\"elementor-gallery-item__overlay\"><\/div>\n\t\t\t\t\t\t\t\t\t\t\t\t\t\t<\/a>\n\t\t\t\t\t\t\t<a class=\"e-gallery-item elementor-gallery-item elementor-animated-content\" href=\"https:\/\/guillermoarmenta.com\/wp-content\/uploads\/2024\/06\/g4.jpeg\" data-elementor-open-lightbox=\"yes\" data-elementor-lightbox-slideshow=\"97d9de4\" data-elementor-lightbox-title=\"g4\" data-e-action-hash=\"#elementor-action%3Aaction%3Dlightbox%26settings%3DeyJpZCI6MzcwMCwidXJsIjoiaHR0cHM6XC9cL2d1aWxsZXJtb2FybWVudGEuY29tXC93cC1jb250ZW50XC91cGxvYWRzXC8yMDI0XC8wNlwvZzQuanBlZyIsInNsaWRlc2hvdyI6Ijk3ZDlkZTQifQ%3D%3D\">\n\t\t\t\t\t<div class=\"e-gallery-image elementor-gallery-item__image\" data-thumbnail=\"https:\/\/guillermoarmenta.com\/wp-content\/uploads\/2024\/06\/g4-1024x1024.jpeg\" data-width=\"800\" data-height=\"800\" aria-label=\"\" role=\"img\" ><\/div>\n\t\t\t\t\t\t\t\t\t\t\t<div class=\"elementor-gallery-item__overlay\"><\/div>\n\t\t\t\t\t\t\t\t\t\t\t\t\t\t<\/a>\n\t\t\t\t\t\t\t<a class=\"e-gallery-item elementor-gallery-item elementor-animated-content\" href=\"https:\/\/guillermoarmenta.com\/wp-content\/uploads\/2024\/06\/g5.jpeg\" data-elementor-open-lightbox=\"yes\" data-elementor-lightbox-slideshow=\"97d9de4\" data-elementor-lightbox-title=\"g5\" data-e-action-hash=\"#elementor-action%3Aaction%3Dlightbox%26settings%3DeyJpZCI6MzcwMSwidXJsIjoiaHR0cHM6XC9cL2d1aWxsZXJtb2FybWVudGEuY29tXC93cC1jb250ZW50XC91cGxvYWRzXC8yMDI0XC8wNlwvZzUuanBlZyIsInNsaWRlc2hvdyI6Ijk3ZDlkZTQifQ%3D%3D\">\n\t\t\t\t\t<div class=\"e-gallery-image elementor-gallery-item__image\" data-thumbnail=\"https:\/\/guillermoarmenta.com\/wp-content\/uploads\/2024\/06\/g5-1024x1024.jpeg\" data-width=\"800\" data-height=\"800\" aria-label=\"\" role=\"img\" ><\/div>\n\t\t\t\t\t\t\t\t\t\t\t<div class=\"elementor-gallery-item__overlay\"><\/div>\n\t\t\t\t\t\t\t\t\t\t\t\t\t\t<\/a>\n\t\t\t\t\t\t\t<a class=\"e-gallery-item elementor-gallery-item elementor-animated-content\" href=\"https:\/\/guillermoarmenta.com\/wp-content\/uploads\/2024\/06\/g6.jpeg\" data-elementor-open-lightbox=\"yes\" data-elementor-lightbox-slideshow=\"97d9de4\" data-elementor-lightbox-title=\"g6\" data-e-action-hash=\"#elementor-action%3Aaction%3Dlightbox%26settings%3DeyJpZCI6MzcwMiwidXJsIjoiaHR0cHM6XC9cL2d1aWxsZXJtb2FybWVudGEuY29tXC93cC1jb250ZW50XC91cGxvYWRzXC8yMDI0XC8wNlwvZzYuanBlZyIsInNsaWRlc2hvdyI6Ijk3ZDlkZTQifQ%3D%3D\">\n\t\t\t\t\t<div class=\"e-gallery-image elementor-gallery-item__image\" data-thumbnail=\"https:\/\/guillermoarmenta.com\/wp-content\/uploads\/2024\/06\/g6-1024x1024.jpeg\" data-width=\"800\" data-height=\"800\" aria-label=\"\" role=\"img\" ><\/div>\n\t\t\t\t\t\t\t\t\t\t\t<div class=\"elementor-gallery-item__overlay\"><\/div>\n\t\t\t\t\t\t\t\t\t\t\t\t\t\t<\/a>\n\t\t\t\t\t<\/div>\n\t\t\t\t\t<\/div>\n\t\t\t\t<\/div>\n\t\t\t\t\t<\/div>\n\t\t<\/div>\n\t\t\t\t\t<\/div>\n\t\t<\/section>\n\t\t\t\t<\/div>\n\t\t","protected":false},"excerpt":{"rendered":"<p>PERFIL Guillermo Armenta Divulgador de Tecnolog\u00eda | Asesor en Finanzas e Inversiones Soy un economista altamente demandado y experto en negocios digitales, conocido por ofrecer charlas inspiradoras en espa\u00f1ol, franc\u00e9s, ingl\u00e9s y chino. He tenido el privilegio de impactar a miles de personas en diversos pa\u00edses, gracias a la confianza de numerosas empresas, organizaciones y [&hellip;]<\/p>\n","protected":false},"author":4,"featured_media":0,"parent":0,"menu_order":0,"comment_status":"closed","ping_status":"closed","template":"elementor_header_footer","meta":{"_joinchat":[],"footnotes":""},"class_list":["post-321","page","type-page","status-publish","hentry"],"_links":{"self":[{"href":"https:\/\/guillermoarmenta.com\/index.php\/wp-json\/wp\/v2\/pages\/321","targetHints":{"allow":["GET"]}}],"collection":[{"href":"https:\/\/guillermoarmenta.com\/index.php\/wp-json\/wp\/v2\/pages"}],"about":[{"href":"https:\/\/guillermoarmenta.com\/index.php\/wp-json\/wp\/v2\/types\/page"}],"author":[{"embeddable":true,"href":"https:\/\/guillermoarmenta.com\/index.php\/wp-json\/wp\/v2\/users\/4"}],"replies":[{"embeddable":true,"href":"https:\/\/guillermoarmenta.com\/index.php\/wp-json\/wp\/v2\/comments?post=321"}],"version-history":[{"count":272,"href":"https:\/\/guillermoarmenta.com\/index.php\/wp-json\/wp\/v2\/pages\/321\/revisions"}],"predecessor-version":[{"id":3711,"href":"https:\/\/guillermoarmenta.com\/index.php\/wp-json\/wp\/v2\/pages\/321\/revisions\/3711"}],"wp:attachment":[{"href":"https:\/\/guillermoarmenta.com\/index.php\/wp-json\/wp\/v2\/media?parent=321"}],"curies":[{"name":"wp","href":"https:\/\/api.w.org\/{rel}","templated":true}]}}